{"id":7,"date":"2024-09-05T07:26:26","date_gmt":"2024-09-05T05:26:26","guid":{"rendered":"http:\/\/cdfstmarcel56140.fr\/?page_id=7"},"modified":"2025-08-31T18:13:55","modified_gmt":"2025-08-31T16:13:55","slug":"location-de-materiel","status":"publish","type":"page","link":"https:\/\/cdfstmarcel56140.fr\/index.php\/location-de-materiel\/","title":{"rendered":"Location de Mat\u00e9riel"},"content":{"rendered":"\t\t<div data-elementor-type=\"wp-page\" data-elementor-id=\"7\" class=\"elementor elementor-7\">\n\t\t\t\t<div class=\"elementor-element elementor-element-30a00a31 e-flex e-con-boxed e-con e-parent\" data-id=\"30a00a31\" data-element_type=\"container\">\n\t\t\t\t\t<div class=\"e-con-inner\">\n\t\t\t\t<div class=\"elementor-element elementor-element-4ab29ce8 elementor-widget elementor-widget-text-editor\" data-id=\"4ab29ce8\" data-element_type=\"widget\" data-widget_type=\"text-editor.default\">\n\t\t\t\t<div class=\"elementor-widget-container\">\n\t\t\t\t\t\t\t\t\t\n<p>Pour la location de materiel<\/p>\n\n<p>Merci de t\u00e9l\u00e9charger le document de r\u00e9servation \u00e0 nous renvoyer par mail \u00e0 l&#8217;adresse suivante:<\/p>\n\n<p class=\"has-text-align-center has-accent-3-color has-text-color has-link-color wp-elements-c48fbcb81793df89a687509cb1dc95aa\" style=\"font-size: 1.7rem;\"><strong>reservationcdf.stmarcel56140@gmail.com<\/strong><\/p>\n\n<p><strong>TARIFS HABITANTS SAINT MARCEL<\/strong> <em>(habitants HORS Saint Marcel + 5\u20ac)<\/em><br \/>Liste des locations : assiettes blanches ( plates, creuses, dessert), verres ordinaires, ballons, fl\u00fbtes, plats inox, saladiers, plats, plateaux, couverts, couverts de service, tasses + soucoupe \u00e0 caf\u00e9, 3 bouilloires, 1 percolateur \u00e0 caf\u00e9, 5 tonneaux, 1 BBQ \u00e0 bois, 12 spots + support, 2 petits<br \/>frigos, 2 grandes\/maxi marmites alu, 7 rallonges \u00e9lectriques (9, 11, 12, 13, 14, 17 et 18m), 2 billigs,<br \/>38 tables bois 2,20m, 76 bancs bois<br \/>VAISSELLE : assiettes, verres, couverts, plats, saladiers, couverts de service, tasses\/soucoupes<\/p>\n\n<p>Tarifs : <br \/>. 1 \u00e0 20 personnes 30\u20ac<br \/>. 21 \u00e0 50 personnes 40\u20ac<br \/>. 51 \u00e0 100 personnes 50\u20ac<br \/>. 101 \u00e0 150 personnes 60\u20ac<br \/>. 151 \u00e0 200 personnes 70\u20ac<\/p>\n\n<p>*****************<br \/>DIVERS :<br \/>Table + 2 bancs : 8 personnes 5\u20ac<br \/>Percolateur (caution 200\u20ac) 20\u20ac<br \/>BBQ (caution 100\u20ac) 20\u20ac<br \/>Tonneau 5\u20ac<br \/>Petit frigo (caution 150\u20ac) 15\u20ac<br \/>Spots (3 \u00e0 12) + structure (caution 700\u20ac) 100\u20ac<br \/>Billig (caution 250\u20ac) 40\u20ac<br \/>Rallonge \u00e9lectrique toutes tailles 4\u20ac<br \/>Bouilloire (caution 25\u20ac) 3\u20ac<br \/>Grande\/maxi marmite inox 5\u20ac<\/p>\n\n<p>************************<br \/>CASSE OU PERTE (tout habitant) : l\u2019unit\u00e9<br \/>Verre ordinaire 2\u20ac<br \/>Fl\u00fbte, verre ballon, tasse caf\u00e9 5\u20ac<br \/>Assiette (toute tailles), soucoupe caf\u00e9 5\u20ac<br \/>Couvert 3\u20ac<br \/>Couvert de service 5\u20ac<br \/>Carafe, plat, saladier, plateau 10\u20ac<br \/>Percolateur caf\u00e9 200\u20ac<br \/>BBQ 100\u20ac<br \/>Spot ou ampoule\/spot 40\u20ac<br \/>Structure spots 500\u20ac<br \/>Petit frigo 150\u20ac<br \/>Billig 250\u20ac<br \/>Bouilloire 25\u20ac<\/p>\n\n<p class=\"has-accent-3-color has-text-color has-link-color wp-elements-d74b43e5f534d79b25461588e83ba5e6\">Le r\u00e8glement lors du retour du materiel par ch\u00e8que OBLIGATOIRE \u00e0 l&#8217;ordre du &#8220;Comit\u00e9 des F\u00eates de Saint Marcel&#8221;<\/p>\n\n<p>*********************<br \/>Le Comit\u00e9 des F\u00eates n\u2019assure ni le transport, ni l\u2019enl\u00e8vement.<br \/>Le mat\u00e9riel lou\u00e9 doit \u00eatre rendu dans le m\u00eame \u00e9tat qu&#8217;\u00e0 sa remise.<br \/>Toute la vaisselle doit \u00eatre absolument propre et parfaitement s\u00e9ch\u00e9e.<br \/>Les horaires de rendez-vous pour la prise et la restitution doivent \u00eatre respect\u00e9s, selon les disponibilit\u00e9s de l\u2019\u00e9quipe du Comit\u00e9 des F\u00eates<\/p>\n\n<div data-wp-interactive=\"core\/file\" class=\"wp-block-file\"><object data-wp-bind--hidden=\"!state.hasPdfPreview\" hidden class=\"wp-block-file__embed\" style=\"width: 100%; height: 600px;\" data=\"https:\/\/cdfstmarcel56140.fr\/wp-content\/uploads\/2024\/09\/Fiche-de-location-2023-v2-.pdf\" type=\"application\/pdf\" width=\"300\" height=\"150\" aria-label=\"Contenu embarqu\u00e9 Fiche de location 2023 v2.\"><\/object><a id=\"wp-block-file--media-7f7886c9-402c-4e81-8ea6-a8abf4662c15\" href=\"https:\/\/cdfstmarcel56140.fr\/wp-content\/uploads\/2024\/09\/Fiche-de-location-2023-v2-.pdf\">Fiche de location 2023 v2<\/a><a class=\"wp-block-file__button wp-element-button\" href=\"https:\/\/cdfstmarcel56140.fr\/wp-content\/uploads\/2024\/09\/Fiche-de-location-2023-v2-.pdf\" download=\"\" aria-describedby=\"wp-block-file--media-7f7886c9-402c-4e81-8ea6-a8abf4662c15\">T\u00e9l\u00e9charger<\/a><\/div>\n\n<p>\u00a0<\/p>\n\t\t\t\t\t\t\t\t<\/div>\n\t\t\t\t<\/div>\n\t\t\t\t\t<\/div>\n\t\t\t\t<\/div>\n\t\t\t\t<\/div>\n\t\t","protected":false},"excerpt":{"rendered":"<p>Pour la location de materiel Merci de t\u00e9l\u00e9charger le document de r\u00e9servation \u00e0 nous renvoyer par mail \u00e0 l&#8217;adresse suivante: reservationcdf.stmarcel56140@gmail.com TARIFS HABITANTS SAINT MARCEL (habitants HORS Saint Marcel + 5\u20ac)Liste des locations : assiettes blanches ( plates, creuses, dessert), verres ordinaires, ballons, fl\u00fbtes, plats inox, saladiers, plats, plateaux, couverts, couverts de service, tasses + &hellip; <a href=\"https:\/\/cdfstmarcel56140.fr\/index.php\/location-de-materiel\/\" class=\"more-link\">Continuer la lecture<span class=\"screen-reader-text\"> de &laquo;&nbsp;Location de Mat\u00e9riel&nbsp;&raquo;<\/span><\/a><\/p>\n","protected":false},"author":1,"featured_media":0,"parent":0,"menu_order":4,"comment_status":"closed","ping_status":"closed","template":"","meta":{"footnotes":""},"class_list":["post-7","page","type-page","status-publish","hentry"],"_links":{"self":[{"href":"https:\/\/cdfstmarcel56140.fr\/index.php\/wp-json\/wp\/v2\/pages\/7","targetHints":{"allow":["GET"]}}],"collection":[{"href":"https:\/\/cdfstmarcel56140.fr\/index.php\/wp-json\/wp\/v2\/pages"}],"about":[{"href":"https:\/\/cdfstmarcel56140.fr\/index.php\/wp-json\/wp\/v2\/types\/page"}],"author":[{"embeddable":true,"href":"https:\/\/cdfstmarcel56140.fr\/index.php\/wp-json\/wp\/v2\/users\/1"}],"replies":[{"embeddable":true,"href":"https:\/\/cdfstmarcel56140.fr\/index.php\/wp-json\/wp\/v2\/comments?post=7"}],"version-history":[{"count":18,"href":"https:\/\/cdfstmarcel56140.fr\/index.php\/wp-json\/wp\/v2\/pages\/7\/revisions"}],"predecessor-version":[{"id":396,"href":"https:\/\/cdfstmarcel56140.fr\/index.php\/wp-json\/wp\/v2\/pages\/7\/revisions\/396"}],"wp:attachment":[{"href":"https:\/\/cdfstmarcel56140.fr\/index.php\/wp-json\/wp\/v2\/media?parent=7"}],"curies":[{"name":"wp","href":"https:\/\/api.w.org\/{rel}","templated":true}]}}